hat are the prime factors of 533?
13, 41
List the prime factors of 2783.
11, 23
List the prime factors of 460.
2, 5, 23
What are the prime factors of 659?
659
What are the prime factors of 5767?
73, 79
What are the prime factors of 430?
2, 5, 43
What are the prime factors of 105274?
2, 13, 4049
List the prime factors of 568.
2, 71
What are the prime factors of 2302?
2, 1151
What are the prime factors of 20837?
67, 311
List the prime factors of 15490.
2, 5, 1549
What are the prime factors of 1163?
1163
List the prime factors of 4897.
59, 83
List the prime factors of 23969.
11, 2179
List the prime factors of 10652.
2, 2663
List the prime factors of 3748.
2, 937
What are the prime factors of 34?
2, 17
What are the prime factors of 36847?
36847
What are the prime factors of 60150?
2, 3, 5, 401
What are the prime factors of 51782?
2, 17, 1523
List the prime factors of 7834.
2, 3917
What are the prime factors of 7399?
7, 151
List the prime factors of 16051.
7, 2293
List the prime factors of 18076.
2, 4519
What are the prime factors of 192?
2, 3
List the prime factors of 2718.
2, 3, 151
What are the prime factors of 24118?
2, 31, 389
What are the prime factors of 2200?
2, 5, 11
What are the prime factors of 1278?
2, 3, 71
List the prime factors of 130946.
2, 233, 281
List the prime factors of 7068.
2, 3, 19, 31
What are the prime factors of 5007?
3, 1669
List the prime factors of 1844.
2, 461
List the prime factors of 4557.
3, 7, 31
What are the prime factors of 1484?
2, 7, 53
List the prime factors of 23006.
2, 11503
What are the prime factors of 5287?
17, 311
What are the prime factors of 3315?
3, 5, 13, 17
List the prime factors of 2616.
2, 3, 109
List the prime factors of 7479.
3, 277
List the prime factors of 24689.
7, 3527
What are the prime factors of 4443?
3, 1481
What are the prime factors of 11869?
11, 13, 83
What are the prime factors of 25461?
3, 23, 41
List the prime factors of 1429.
1429
What are the prime factors of 1938?
2, 3, 17, 19
What are the prime factors of 198?
2, 3, 11
List the prime factors of 38105.
5, 7621
List the prime factors of 1307.
1307
List the prime factors of 145.
5, 29
List the prime factors of 10618.
2, 5309
List the prime factors of 24513.
3, 8171
What are the prime factors of 153564?
2, 3, 67, 191
What are the prime factors of 11102?
2, 7, 13, 61
What are the prime factors of 1493?
1493
List the prime factors of 283.
283
What are the prime factors of 29995?
5, 7, 857
List the prime factors of 67.
67
List the prime factors of 450.
2, 3, 5
List the prime factors of 5405.
5, 23, 47
List the prime factors of 1433.
1433
List the prime factors of 55291.
55291
List the prime factors of 2190.
2, 3, 5, 73
What are the prime factors of 10587?
3, 3529
List the prime factors of 7993.
7993
What are the prime factors of 26935?
5, 5387
List the prime factors of 256.
2
What are the prime factors of 18547?
17, 1091
List the prime factors of 95856.
2, 3, 1997
What are the prime factors of 1088?
2, 17
What are the prime factors of 94?
2, 47
What are the prime factors of 661?
661
List the prime factors of 9532.
2, 2383
What are the prime factors of 85217?
11, 61, 127
What are the prime factors of 31548?
2, 3, 11, 239
What are the prime factors of 17726?
2, 8863
What are the prime factors of 12259?
13, 23, 41
List the prime factors of 33085.
5, 13, 509
List the prime factors of 54892.
2, 13723
What are the prime factors of 268?
2, 67
List the prime factors of 93463.
93463
What are the prime factors of 517?
11, 47
What are the prime factors of 941?
941
What are the prime factors of 1758?
2, 3, 293
What are the prime factors of 1758?
2, 3, 293
What are the prime factors of 2956?
2, 739
List the prime factors of 3257.
3257
List the prime factors of 1625.
5, 13
List the prime factors of 2206.
2, 1103
List the prime factors of 3786.
2, 3, 631
List the prime factors of 4020.
2, 3, 5, 67
List the prime factors of 1093.
1093
What are the prime factors of 2217?
3, 739
List the prime factors of 14670.
2, 3, 5, 163
List the prime factors of 30895.
5, 37, 167
List the prime factors of 566.
2, 283
What are the prime factors of 21761?
47, 463
What are the prime factors of 9170?
2, 5, 7, 131
List the prime factors of 34652.
2, 8663
What are the prime factors of 317?
317
What are the prime factors of 3122?
2, 7, 223
What are the prime factors of 5742?
2, 3, 11, 29
What are the prime factors of 6946?
2, 23, 151
What are the prime factors of 64919?
64919
List the prime factors of 98028.
2, 3, 7, 389
List the prime factors of 43583.
41, 1063
List the prime factors of 27022.
2, 59, 229
What are the prime factors of 13618?
2, 11, 619
What are the prime factors of 3872?
2, 11
List the prime factors of 70790.
2, 5, 7079
What are the prime factors of 3455?
5, 691
List the prime factors of 48917.
11, 4447
List the prime factors of 5414.
2, 2707
List the prime factors of 6529.
6529
List the prime factors of 10612.
2, 7, 379
What are the prime factors of 17462?
2, 8731
List the prime factors of 1025.
5, 41
List the prime factors of 1243.
11, 113
What are the prime factors of 122112?
2, 3, 53
List the prime factors of 5101.
5101
What are the prime factors of 35714?
2, 7, 2551
What are the prime factors of 87748?
2, 21937
What are the prime factors of 2779?
7, 397
What are the prime factors of 1756?
2, 439
List the prime factors of 4216.
2, 17, 31
List the prime factors of 25719.
3, 8573
What are the prime factors of 2448?
2, 3, 17
List the prime factors of 2775.
3, 5, 37
List the prime factors of 3692.
2, 13, 71
What are the prime factors of 4926?
2, 3, 821
What are the prime factors of 3038?
2, 7, 31
List the prime factors of 104751.
3, 103, 113
What are the prime factors of 377?
13, 29
What are the prime factors of 3792?
2, 3, 79
List the prime factors of 1733.
1733
What are the prime factors of 780?
2, 3, 5, 13
What are the prime factors of 2722?
2, 1361
What are the prime factors of 63111?
3, 109, 193
List the prime factors of 11083.
11083
List the prime factors of 5820.
2, 3, 5, 97
List the prime factors of 2142.
2, 3, 7, 17
List the prime factors of 652.
2, 163
What are the prime factors of 145885?
5, 163, 179
List the prime factors of 1778.
2, 7, 127
What are the prime factors of 85?
5, 17
What are the prime factors of 32945?
5, 11, 599
What are the prime factors of 3776?
2, 59
What are the prime factors of 7893?
3, 877
What are the prime factors of 15315?
3, 5, 1021
List the prime factors of 4953.
3, 13, 127
What are the prime factors of 1514?
2, 757
List the prime factors of 67996.
2, 89, 191
List the prime factors of 104096.
2, 3253
List the prime factors of 3921.
3, 1307
List the prime factors of 5594.
2, 2797
List the prime factors of 941.
941
List the prime factors of 966.
2, 3, 7, 23
What are the prime factors of 546?
2, 3, 7, 13
List the prime factors of 794.
2, 397
What are the prime factors of 10822?
2, 7, 773
List the prime factors of 5251.
59, 89
What are the prime factors of 10791?
3, 11, 109
What are the prime factors of 80105?
5, 37, 433
List the prime factors of 125538.
2, 3, 7, 61
What are the prime factors of 278?
2, 139
What are the prime factors of 170362?
2, 103, 827
What are the prime factors of 2203?
2203
List the prime factors of 12927.
3, 31, 139
List the prime factors of 117074.
2, 58537
What are the prime factors of 6244?
2, 7, 223
What are the prime factors of 7010?
2, 5, 701
What are the prime factors of 1209?
3, 13, 31
List the prime factors of 711.
3, 79
List the prime factors of 14628.
2, 3, 23, 53
What are the prime factors of 6496?
2, 7, 29
List the prime factors of 143442.
2, 3, 13, 613
What are the prime factors of 11900?
2, 5, 7, 17
What are the prime factors of 340?
2, 5, 17
What are the prime factors of 2572?
2, 643
List the prime factors of 1874.
2, 937
List the prime factors of 6328.
2, 7, 113
What are the prime factors of 155590?
2, 5, 15559
List the prime factors of 923.
13, 71
List the prime factors of 90186.
2, 3, 15031
List the prime factors of 650.
2, 5, 13
What are the prime factors of 10096?
2, 631
List the prime factors of 124894.
2, 7, 11, 811
What are the prime factors of 299?
13, 23
What are the prime factors of 1097?
1097
What are the prime factors of 4208?
2, 263
List the prime factors of 1939